{"id":43,"date":"2018-08-22T15:59:01","date_gmt":"2018-08-22T15:59:01","guid":{"rendered":"https:\/\/geventi.de\/?page_id=43"},"modified":"2018-11-09T11:42:17","modified_gmt":"2018-11-09T11:42:17","slug":"datenschutzerklarung","status":"publish","type":"page","link":"https:\/\/geventi.de\/?page_id=43","title":{"rendered":"Datenschutzerkl\u00e4rung"},"content":{"rendered":"<div id='full_slider_1'  class='avia-fullwidth-slider main_color avia-shadow   avia-builder-el-0  el_before_av_heading  avia-builder-el-first   container_wrap sidebar_right'  ><div  class='avia-slideshow av-jl5bpfa7-ef665801f5f0f1f545e62a4d85947dc2 avia-slideshow-featured av_slideshow_full avia-slide-slider av-slideshow-ui av-control-default av-slideshow-manual av-loop-once av-loop-manual-endless av-default-height-applied   avia-slideshow-1' data-slideshow-options=\"{&quot;animation&quot;:&quot;slide&quot;,&quot;autoplay&quot;:false,&quot;loop_autoplay&quot;:&quot;once&quot;,&quot;interval&quot;:5,&quot;loop_manual&quot;:&quot;manual-endless&quot;,&quot;autoplay_stopper&quot;:false,&quot;noNavigation&quot;:false,&quot;bg_slider&quot;:false,&quot;keep_padding&quot;:false,&quot;hoverpause&quot;:false,&quot;show_slide_delay&quot;:0}\"  itemprop=\"image\" itemscope=\"itemscope\" itemtype=\"https:\/\/schema.org\/ImageObject\" ><ul class='avia-slideshow-inner ' style='padding-bottom: 28.666666666667%;'><li  class='avia-slideshow-slide av-jl5bpfa7-ef665801f5f0f1f545e62a4d85947dc2__0  av-single-slide slide-1 slide-odd'><div data-rel='slideshow-1' class='avia-slide-wrap '   ><img fetchpriority=\"high\" class=\"wp-image-16 avia-img-lazy-loading-not-16\"  src='https:\/\/geventi.de\/wp-content\/uploads\/2018\/07\/b3-1500x430.jpg' width='1500' height='430' title='b3' alt=''  itemprop=\"thumbnailUrl\"   \/><\/div><\/li><\/ul><\/div><\/div><div id='after_full_slider_1'  class='main_color av_default_container_wrap container_wrap sidebar_right'  ><div class='container av-section-cont-open' ><div class='template-page content  av-content-small alpha units'><div class='post-entry post-entry-type-page post-entry-43'><div class='entry-content-wrapper clearfix'>\n\n<style type=\"text\/css\" data-created_by=\"avia_inline_auto\" id=\"style-css-av-av_heading-91feed3c0f19ab1488d9c955efe3a5c3\">\n#top .av-special-heading.av-av_heading-91feed3c0f19ab1488d9c955efe3a5c3{\npadding-bottom:10px;\n}\nbody .av-special-heading.av-av_heading-91feed3c0f19ab1488d9c955efe3a5c3 .av-special-heading-tag .heading-char{\nfont-size:25px;\n}\n.av-special-heading.av-av_heading-91feed3c0f19ab1488d9c955efe3a5c3 .av-subheading{\nfont-size:15px;\n}\n<\/style>\n<div  class='av-special-heading av-av_heading-91feed3c0f19ab1488d9c955efe3a5c3 av-special-heading-h3 blockquote modern-quote  avia-builder-el-1  el_after_av_slideshow_full  el_before_av_one_half  avia-builder-el-first '><h3 class='av-special-heading-tag '  itemprop=\"headline\"  >Datenschutzerkl\u00e4rung<\/h3><div class=\"special-heading-border\"><div class=\"special-heading-inner-border\"><\/div><\/div><\/div>\n\n<style type=\"text\/css\" data-created_by=\"avia_inline_auto\" id=\"style-css-av-19vf7-5e20e2208d2e4d4390aeca01ea16f245\">\n.flex_column.av-19vf7-5e20e2208d2e4d4390aeca01ea16f245{\nborder-radius:0px 0px 0px 0px;\npadding:0px 0px 0px 0px;\n}\n<\/style>\n<div  class='flex_column av-19vf7-5e20e2208d2e4d4390aeca01ea16f245 av_one_half  avia-builder-el-2  el_after_av_heading  el_before_av_one_half  first flex_column_div av-zero-column-padding  '     ><section  class='av_textblock_section av-jl5bozlr-9f0f62d7c44c68edc024a01112347ef0 '   itemscope=\"itemscope\" itemtype=\"https:\/\/schema.org\/CreativeWork\" ><div class='avia_textblock'  itemprop=\"text\" ><p>Datenschutzerkl\u00e4rung<\/p>\n<p>Verantwortlich im Sinne des Datenschutzgesetzes:<\/p>\n<p>GASTRONOMIE MANAGEMENT GIANNETTI GmbH<br \/>\nSchacht XII<br \/>\nGelsenkirchener Str. 181 45309 Essen<br \/>\nM: office@gmg-essen.de<br \/>\nT: +49 (0)201 830240<\/p>\n<p>Allgemein Informationen<\/p>\n<p>Wir freuen uns \u00fcber Ihr Interesse an unserer Webseite. Der Schutz Ihrer personenbezogenen Daten anl\u00e4sslich Ihres Besuchs auf unserer Homepage hat einen besonders hohen Stellenwert f\u00fcr uns. Und wir als Webseitenbetreiber nehmen den Schutz aller pers\u00f6nlichen Daten sehr ernst.<\/p>\n<p>Alle personenbezogenen Informationen werden vertraulich und gem\u00e4\u00df den gesetzlichen Vorschriften behandelt, wie in dieser Datenschutzerkl\u00e4rung erl\u00e4utert.<\/p>\n<p>Mit den nachfolgenden Informationen geben wir Ihnen einen \u00dcberblick \u00fcber die Verarbeitung Ihrer personenbezogenen Daten durch uns und Ihren Rechten aus dem Datenschutz.<\/p>\n<p>Personenbezogene Daten sind alle Daten, die auf Sie pers\u00f6nlich beziehbar sind, z.\u2009B. Name, Adresse, E-Mail-Adressen, Nutzerverhalten.<\/p>\n<p>Datenschutz<\/p>\n<p>Alle personenbezogenen Informationen werden vertraulich und gem\u00e4\u00df den gesetzlichen Vorschriften behandelt, wie in dieser Datenschutzerkl\u00e4rung erl\u00e4utert.<\/p>\n<p>Unserer Webseite kann selbstverst\u00e4ndlich genutzt werden, ohne dass Sie pers\u00f6nliche Daten angeben. Wenn jedoch zu irgendeinem Zeitpunkt pers\u00f6nliche Daten wie z.B. Name, Adresse oder E-Mail abgefragt werden, wird dies auf freiwilliger Basis geschehen. Die Verarbeitung erfolgt dabei stets im Einklang mit der EU-Datenschutz-Grundverordnung (DSGVO).<\/p>\n<p>Daten\u00fcbertragung im Internet, wie zum Beispiel \u00fcber E-Mail, kann immer Sicherheitsl\u00fccken aufweisen. Der komplette Schutz der Daten ist im Internet nicht m\u00f6glich.<\/p>\n<p>Wer erh\u00e4lt die pers\u00f6nlichen Daten<\/p>\n<p>Innerhalb unseres Unternehmens erhalten nur diejenigen Stellen Zugriff auf Ihre Daten, die diese zur Erf\u00fcllung unserer vertraglichen und gesetzlichen P\ufb02ichten brauchen. Informationen \u00fcber Sie werden wir nur weitergeben, wenn gesetzliche Mitteilungspflichten dies gebieten, Sie eingewilligt haben und\/oder ein anderer Rechtsgrund diese Weitergabe legitimiert.<\/p>\n<p>Niemals werden von uns erhobene Daten ohne Ihre spezielle Genehmigung an Dritte weitergegeben.<\/p>\n<p>Auskunft, L\u00f6schung, Sperrung<\/p>\n<p>Zu jedem Zeitpunkt k\u00f6nnen Sie sich \u00fcber die personenbezogenen Daten, deren Herkunft und Empf\u00e4nger und den Nutzen der Datenverarbeitung informieren und unentgeltlich eine Korrektur, Sperrung oder L\u00f6schung dieser Daten verlangen. Bitte nutzen Sie daf\u00fcr die im Impressum angegebenen Kontaktwege. F\u00fcr weitere Fragen zum Thema stehen wir Ihnen ebenfalls jederzeit zur Verf\u00fcgung.<\/p>\n<p>Server-Log-Files<\/p>\n<p>Mit jedem Aufruf der Internetseite durch eine betroffene Person oder ein automatisiertes System wird eine Reihe von allgemeinen Daten und Informationen in Logfiles erfasst. Hierzu geh\u00f6ren eine Internet-Protokoll-Adresse (IP-Adresse), die verwendeten Browsertypen und Versionen, die Internetseite, von welcher ein zugreifendes System auf unsere Internetseite gelangt (sogenannte Referrer), die Unterwebseiten, welche \u00fcber ein zugreifendes System auf unserer Internetseite angesteuert werden, das Datum und die Uhrzeit eines Zugriffs auf die Internetseite und sonstige \u00e4hnliche Daten und Informationen, die der Gefahrenabwehr im Falle von Angriffen auf unsere informationstechnologischen Systeme dienen.<\/p>\n<p>Rechtsgrundlage f\u00fcr die vor\u00fcbergehende Speicherung der Daten und der Logfiles beruht auf Art. 6 Abs.1lit. f DSGVO mit den o. g. berechtigten Interessen.<\/p>\n<p>Eine vor\u00fcbergehende Speicherung der IP-Adresse durch das System ist notwendig, um die Auslieferung der Website an den Rechner des Nutzers zu gew\u00e4hrleisten. Hierf\u00fcr muss die IP-Adresse des Nutzers f\u00fcr die Dauer der Sitzung gespeichert bleiben.<\/p>\n<p>Die Speicherung in Logfiles erfolgt, um die Funktionsf\u00e4higkeit der Website sicherzustellen. Zudem dienen uns die Daten zur Optimierung der Website und zur Sicherstellung der Sicherheit unserer informationstechnischen Systeme. Auch hier liegt unser berechtigtes Interesse an der Datenverarbeitung nach Art. 6 Abs.1 lit. f DSGVO zugrunde. Die Daten werden gel\u00f6scht, sobald sie f\u00fcr die Erreichung des Zweckes ihrer Erhebung nicht mehr erforderlich sind. Im Falle der Erfassung der Daten zur Bereitstellung der Website ist dies der Fall, wenn die jeweilige Sitzung beendet ist. Die Erfassung der Daten zur Bereitstellung der Website und die Speicherung der Daten in Logfiles ist f\u00fcr den Betrieb der Internetseite erforderlich. Eine weitere M\u00f6glichkeit, zur \u00dcberpr\u00fcfung der Logfiles besteht, wenn aufgrund konkreter Anhaltspunkte der berechtigte Verdacht einer rechtswidrigen Nutzung oder eines konkreten Angriffs auf unsere Webseite erfolgt. Unser berechtigtes Interesse die Verarbeitung liegt hier im Zwecke der Aufkl\u00e4rung und strafrechtlichen Verfolgung solcher Angriffe und rechtwidrigen Nutzungen.<\/p>\n<p>Cookies<\/p>\n<p>Zus\u00e4tzlich zu den zuvor genannten Daten werden bei Ihrer Nutzung unserer Website Cookies auf Ihrem Rechner gespeichert. Bei Cookies handelt es sich um kleine Textdateien, die auf Ihrer Festplatte dem von Ihnen verwendeten Browser zugeordnet gespeichert werden und durch welche der Stelle, die den Cookie setzt (hier durch uns), bestimmte Informationen zuflie\u00dfen. Cookies k\u00f6nnen keine Programme ausf\u00fchren oder Viren auf Ihren Computer \u00fcbertragen. Sie dienen dazu, das Internetangebot insgesamt nutzerfreundlicher und effektiver zu machen.<\/p>\n<p>Diese Website nutzt folgende Arten von Cookies, deren Umfang und Funktionsweise im Folgenden erl\u00e4utert werden:<\/p>\n<p>Transiente Cookies: Diese werden automatisiert gel\u00f6scht, wenn Sie den Browser schlie\u00dfen. Dazu z\u00e4hlen insbesondere die Session-Cookies. Diese speichern eine sogenannte Session-ID, mit welcher sich verschiedene Anfragen Ihres Browsers der gemeinsamen Sitzung zuordnen lassen. Dadurch kann Ihr Rechner wiedererkannt werden, wenn Sie auf unsere Website zur\u00fcckkehren. Die Session-Cookies werden gel\u00f6scht, wenn Sie sich ausloggen oder den Browser schlie\u00dfen.<\/p>\n<p>Persistente Cookies: Diese werden automatisiert nach einer vorgegebenen Dauer gel\u00f6scht, die sich je nach Cookie unterscheiden kann. Sie k\u00f6nnen die Cookies in den Sicherheitseinstellungen Ihres Browsers jederzeit l\u00f6schen.<\/p>\n<p>Beim Aufruf unserer Website werden Sie \u00fcber die Verwendung von Cookies informiert und Ihre Einwilligung zur Verarbeitung der in diesem Zusammenhang verwendeten personenbezogenen Daten eingeholt. In diesem Zusammenhang erfolgt auch ein Hinweis auf diese Datenschutzerkl\u00e4rung. Sie k\u00f6nnen Ihre Browser-Einstellung entsprechend Ihren W\u00fcnschen konfigurieren und z.\u2009B. die Annahme von Third-Party-Cookies oder allen Cookies ablehnen. Dadurch haben Sie als Nutzer auch die volle Kontrolle \u00fcber die Verwendung von Cookies. Die Rechtsgrundlage f\u00fcr die Verarbeitung personenbezogener Daten unter Verwendung von Cookies ist Art. 6 Abs.1 lit. f DSGVO. Werden Cookies f\u00fcr unsere Website deaktiviert, k\u00f6nnen m\u00f6glicherweise nicht mehr alle Funktionen der Website vollumf\u00e4nglich genutzt werden.<\/p>\n<p>Verwendung Kontaktformular<\/p>\n<p>Auf unserer Webseite steht ihnen ein Kontaktformular zur Verf\u00fcgung, welches zur elektronischen Kontaktaufnahme genutzt werden kann. Die dabei durch den Nutzer eingegebenen Daten werden an uns \u00fcbermittelt und gespeichert. Dazu z\u00e4hlen E-Mail-Adresse und Ihre Nachricht als Pflichtfelder, alle weiteren Angaben sind freiwillig und gehen \u00fcber das Notwendige hinaus. F\u00fcr die Verarbeitung Ihrer Daten wird im Rahmen des Absende Vorgangs Ihre Einwilligung eingeholt und auf diese Datenschutzerkl\u00e4rung verwiesen. Rechtsgrundlage f\u00fcr die Verarbeitung der Daten bei der Verwendung des Kontaktformulars ist damit Art. 6 Abs.1 lit. a DSGVO.<\/p>\n<p>Alternativ besteht die M\u00f6glichkeit der Kontaktaufnahme \u00fcber die bereitgestellte E-Mail-Adresse, bei deren Nutzung die mit der E-Mail \u00fcbermittelten personenbezogenen Daten des Nutzers gespeichert werden. Die Daten dienen ausschlie\u00dflich der weiteren Konversation mit Ihnen und werden nicht an Dritte weitergegeben. F\u00fcr die Verarbeitung von Daten die im Zuge einer \u00dcbersendung einer E-Mail \u00fcbermittelt werden liegt mit Art.6 Abs.1 lit. f DSGVO ein berechtigtes Interesse vor.<\/p>\n<p>Zielt die Kontaktaufnahme auf den Abschluss eines Vertrages ab, so ist mit der Durchf\u00fchrung vorvertraglicher Ma\u00dfnahmen und der ggf. sp\u00e4teren Verarbeitung zur Erf\u00fcllung eines Vertrages zus\u00e4tzliche die Rechtsgrundlage f\u00fcr die Verarbeitung lt. Art. 6 Abs.1 lit. b DSGVO einzubeziehen.<\/p>\n<p>Personenbezogene Daten, die im Rahmen einer allgemeinen Kontaktanfrage per Kontaktformular oder per E-Mail von uns verarbeitet werden, speichern wir nur so lange, bis die jeweilige Korrespondenz beendet ist. Beendet ist die Konversation dann, wenn sich aus den Umst\u00e4nden entnehmen l\u00e4sst, dass der betroffene Sachverhalt abschlie\u00dfend gekl\u00e4rt ist.<\/p>\n<p>Einwilligungen zur Verarbeitung Ihrer personenbezogenen Daten k\u00f6nnen jederzeit widerrufen werden. Im Fall einer E-Mail-Kontaktaufnahme mit uns k\u00f6nnen Sie der Speicherung Ihrer personenbezogenen Daten selbstverst\u00e4ndlich auch jederzeit widersprechen. In einem solchen Fall kann die Konversation nicht weiter fortgef\u00fchrt werden.<\/p>\n<p>\u00c4nderung der Datenschutzbestimmungen<\/p>\n<p>Unsere Datenschutzerkl\u00e4rung k\u00f6nnen in unregelm\u00e4\u00dfigen Abst\u00e4nden angepasst werden, damit sie den aktuellen rechtlichen Anforderungen entsprechen oder um \u00c4nderungen unserer Dienstleistungen umzusetzen, z. B. bei der Einf\u00fcgung neuer Angebote. F\u00fcr Ihren n\u00e4chsten Besuch gilt dann automatisch die neue Datenschutzerkl\u00e4rung.<\/p>\n<p>Kontakt zum Datenschutzmitarbeiter<\/p>\n<p>F\u00fcr Fragen zum Datenschutz schicken Sie uns bitte eine Nachricht an o.g. E-Mail mit dem Betreff \u201eDatenschutz\u201c.<\/p>\n<\/div><\/section><\/div>\n<style type=\"text\/css\" data-created_by=\"avia_inline_auto\" id=\"style-css-av-xd9n-891f4aa2efa46478ca9fe8f49fd5ce39\">\n.flex_column.av-xd9n-891f4aa2efa46478ca9fe8f49fd5ce39{\nborder-radius:0px 0px 0px 0px;\npadding:0px 0px 0px 0px;\n}\n<\/style>\n<div  class='flex_column av-xd9n-891f4aa2efa46478ca9fe8f49fd5ce39 av_one_half  avia-builder-el-4  el_after_av_one_half  avia-builder-el-last  flex_column_div av-zero-column-padding  '     ><\/div><\/p>\n","protected":false},"excerpt":{"rendered":"","protected":false},"author":3,"featured_media":0,"parent":0,"menu_order":0,"comment_status":"closed","ping_status":"closed","template":"","meta":{"footnotes":""},"class_list":["post-43","page","type-page","status-publish","hentry"],"_links":{"self":[{"href":"https:\/\/geventi.de\/index.php?rest_route=\/wp\/v2\/pages\/43","targetHints":{"allow":["GET"]}}],"collection":[{"href":"https:\/\/geventi.de\/index.php?rest_route=\/wp\/v2\/pages"}],"about":[{"href":"https:\/\/geventi.de\/index.php?rest_route=\/wp\/v2\/types\/page"}],"author":[{"embeddable":true,"href":"https:\/\/geventi.de\/index.php?rest_route=\/wp\/v2\/users\/3"}],"replies":[{"embeddable":true,"href":"https:\/\/geventi.de\/index.php?rest_route=%2Fwp%2Fv2%2Fcomments&post=43"}],"version-history":[{"count":3,"href":"https:\/\/geventi.de\/index.php?rest_route=\/wp\/v2\/pages\/43\/revisions"}],"predecessor-version":[{"id":48,"href":"https:\/\/geventi.de\/index.php?rest_route=\/wp\/v2\/pages\/43\/revisions\/48"}],"wp:attachment":[{"href":"https:\/\/geventi.de\/index.php?rest_route=%2Fwp%2Fv2%2Fmedia&parent=43"}],"curies":[{"name":"wp","href":"https:\/\/api.w.org\/{rel}","templated":true}]}}